.
1110
20 (base 5) to base 11
a
20 (base 3) to base 5
11
0 (base 14) to base 2
0
What is 0 (base 4) in base 12?
0
What is 121 (base 4) in base 14?
1b
What is -10 (base 3) in base 6?
-3
What is -342 (base 5) in base 2?
-1100001
Convert 2 (base 15) to base 10.
2
-86 (base 15) to base 9
-150
-201 (base 3) to base 6
-31
-202 (base 9) to base 5
-1124
What is -1000011 (base 2) in base 13?
-52
What is -225 (base 9) in base 10?
-185
What is -1 (base 13) in base 10?
-1
5 (base 13) to base 12
5
What is 126 (base 11) in base 6?
405
-40 (base 12) to base 13
-39
What is -102 (base 7) in base 4?
-303
What is -1024 (base 5) in base 3?
-12011
What is 3 (base 4) in base 6?
3
What is 40 (base 11) in base 15?
2e
0 (base 12) to base 4
0
What is -233 (base 6) in base 4?
-1131
What is -20 (base 7) in base 13?
-11
-11102 (base 3) to base 5
-434
What is -112 (base 6) in base 11?
-40
What is -103 (base 6) in base 8?
-47
What is -24 (base 16) in base 4?
-210
Convert 12 (base 16) to base 11.
17
Convert -121 (base 9) to base 11.
-91
What is 1211 (base 3) in base 11?
45
Convert 1f (base 16) to base 9.
34
What is -3 (base 5) in base 10?
-3
What is 115 (base 8) in base 7?
140
-212 (base 4) to base 10
-38
-121 (base 4) to base 10
-25
Convert 19 (base 11) to base 14.
16
-6 (base 7) to base 2
-110
Convert 143 (base 7) to base 13.
62
Convert -141 (base 6) to base 5.
-221
Convert -5 (base 12) to base 13.
-5
33 (base 5) to base 4
102
Convert 1 (base 9) to base 14.
1
Convert -24 (base 6) to base 16.
-10
Convert 4 (base 9) to base 6.
4
What is 1 (base 15) in base 8?
1
What is -2d (base 15) in base 6?
-111
Convert 12 (base 6) to base 7.
11
1223 (base 6) to base 15
153
What is -253 (base 10) in base 7?
-511
Convert -32 (base 12) to base 10.
-38
Convert -60 (base 10) to base 12.
-50
-3 (base 15) to base 11
-3
Convert 23 (base 4) to base 8.
13
What is -53 (base 7) in base 5?
-123
What is -6 (base 15) in base 14?
-6
Convert 101 (base 2) to base 15.
5
Convert 73 (base 16) to base 15.
7a
What is 545 (base 6) in base 11?
180
18 (base 16) to base 3
220
Convert 1 (base 12) to base 16.
1
What is -4 (base 8) in base 11?
-4
What is -1 (base 9) in base 10?
-1
1d (base 16) to base 14
21
What is 1 (base 16) in base 11?
1
What is 15 (base 10) in base 4?
33
58 (base 9) to base 13
41
What is 1301 (base 5) in base 9?
243
Convert -10011 (base 3) to base 11.
-78
What is 35 (base 8) in base 15?
1e
What is 2330 (base 4) in base 12?
138
Convert -1 (base 15) to base 5.
-1
What is -12 (base 3) in base 5?
-10
Convert 1 (base 5) to base 7.
1
Convert 10 (base 9) to base 14.
9
What is 451 (base 7) in base 15?
107
0 (base 13) to base 16
0
What is -c5 (base 13) in base 6?
-425
What is 344 (base 7) in base 11?
153
Convert 5 (base 9) to base 5.
10
What is 0 (base 4) in base 2?
0
-100 (base 3) to base 13
-9
1 (base 9) to base 6
1
8 (base 10) to base 11
8
-50 (base 14) to base 8
-106
What is -9b (base 14) in base 9?
-162
Convert 40 (base 5) to base 9.
22
What is -4b (base 13) in base 5?
-223
2 (base 3) to base 13
2
Convert -124 (base 10) to base 2.
-1111100
-11 (base 7) to base 6
-12
Convert 90 (base 10) to base 15.
60
Convert -1a (base 16) to base 10.
-26
61 (base 8) to base 14
37
What is 111 (base 6) in base 15?
2d
What is -1 (base 15) in base 6?
-1
102 (base 3) to base 14
b
What is 3 (base 16) in base 2?
11
Convert -6 (base 15) to base 12.
-6
What is -20 (base 6) in base 16?
-c
Convert -bb (base 14) to base 10.
-165
Convert 200 (base 3) to base 2.
10010
Convert -101101 (base 2) to base 14.
-33
What is 43 (base 9) in base 5?
124
Convert 0 (base 2) to base 3.
0
What is -36 (base 9) in base 6?
-53
What is -2 (base 4) in base 15?
-2
What is 1 (base 14) in base 16?
1
Convert -12 (base 15) to base 14.
-13
What is 48 (base 15) in base 3?
2112
-204 (base 5) to base 6
-130
Convert 100 (base 2) to base 10.
4
1044 (base 7) to base 2
101110111
-422 (base 7) to base 13
-134
1121 (base 3) to base 5
133
-12 (base 8) to base 16
-a
What is 5 (base 11) in base 6?
5
What is -3 (base 8) in base 2?
-11
-31 (base 9) to base 11
-26
22 (base 14) to base 13
24
Convert -10 (base 6) to base 3.
-20
What is -322 (base 4) in base 3?
-2011
Convert 7 (base 10) to base 5.
12
-1 (base 12) to base 11
-1
1 (base 12) to base 13
1
Convert -143 (base 5) to base 8.
-60
0 (base 6) to base 9
0
What is -23 (base 15) in base 6?
-53
What is aa (base 14) in base 6?
410
Convert -2 (base 16) to base 13.
-2
26 (base 7) to base 11
19
What is 8 (base 11) in base 14?
8
What is -12 (base 8) in base 16?
-a
-65 (base 8) to base 14
-3b
Convert -3 (base 9) to base 14.
-3
What is 8 (base 9) in base 10?
8
What is 31 (base 4) in base 13?
10
What is 1 (base 7) in base 3?
1
12 (base 8) to base 12
a
8d (base 14) to base 5
1000
-2 (base 3) to base 7
-2
What is 3 (base 4) in base 9?
3
Convert 4 (base 15) to base 8.
4
What is 2 (base 12) in base 15?
2
What is 5 (base 12) in base 11?
5
-1 (base 12) to base 16
-1
260 (base 9) to base 8
330
-1010 (base 3) to base 7
-42
What is d (base 14) in base 7?
16
Convert -2 (base 5) to base 6.
-2
Convert a5 (base 15) to base 13.
bc
What is -3 (base 6) in base 4?
-3
27 (base 13) to base 14
25
0 (base 11) to base 14
0
What is -90 (base 16) in base 2?
-10010000
-2 (base 16) to base 4
-2
What is 25 (base 8) in base 2?
10101
Convert 0 (base 6) to base 15.
0
-1 (base 6) to base 2
-1
-26 (base 9) to base 16
-18
Convert 10100 (base 2) to base 15.
15
Convert 5 (base 16) to base 2.
101
What is -11 (base 5) in base 16?
-6
What is -24 (base 5) in base 16?
-e
What is -2 (base 7) in base 5?
-2
22 (base 14) to base 8
36
What is 104 (base 13) in base 10?
173
1 (base 14) to base 4
1
What is -31 (base 4) in base 8?
-15
What is 232 (base 4) in base 5?
141
What is 1 (base 12) in base 7?
1
Convert -3 (base 12) to base 9.
-3
What is 2 (base 15) in base 11?
2
Convert 34 (base 5) to base 6.
31
What is 301 (base 5) in base 7?
136
What is 10 (base 7) in base 14?
7
What is -3 (base 10) in base 5?
-3
Convert 201 (base 5) to base 3.
1220
What is -312 (base 4) in base 3?
-2000
-6 (base 7) to base 14
-6
-6 (base 15) to base 3
-20
-35 (base 11) to base 6
-102
What is -1 (base 8) in base 13?
-1
Convert 21 (base 5) to base 7.
14
Convert 3 (base 13) to base 5.
3
What is 10 (base 2) in base 3?
2
7 (base 12) to base 11
7
What is 0 (base 14) in base 4?
0
-2 (base 12) to base 6
-2
What is -102 (base 9) in base 14?
-5d
What is -1 (base 5) in base 15?
-1
118 (base 12) to base 9
202
Convert -1 (base 12) to base 2.
-1
Convert -2 (base 4) to base 3.
-2
Convert -118 (base 14) to base 7.
-431
What is 0 (base 6) in base 10?
0
What is -1 (base 4) in base 14?
-1
Convert 87 (base 9) to base 16.
4f
What is 5 (base 14) in base 3?
12
What is -40 (base 8) in base 14?
-24
4 (base 11) to base 13
4
What is -11 (base 2) in base 3?
-10
Convert -52 (base 13) to base 15.
-47
Convert 11 (base 5) to base 16.
6
-220 (base 5) to base 15
-40
-10001111 (base 2) to base 11
-120
Convert -3 (base 8) to base 12.
-3
Convert -20 (base 11) to base 14.
-18
What is 3 (base 5) in base 6?
3
What is 184 (base 9) in base 8?
235
3 (base 4) to base 16
3
102 (base 3) to base 12
b
-12 (base 10) to base 2
-1100
-4c (base 15) to base 2
-1001000
-2 (base 12) to base 3
-2
Convert 90 (base 14) to base 9.
150
Convert -50 (base 13) to base 11.
-5a
What is -2 (base 7) in base 13?
-2
Convert 2 (base 5) to base 16.
2
3e (base 15) to base 8
73
2 (base 15) to base 6
2
What is 2 (base 15) in base 10?
2
-41 (base 9) to base 10
-37
What is 100 (base 2) in base 13?
4
Convert 100 (base 4) to base 12.
14
Convert -104 (base 10) to base 13.
-80
What is 363 (base 8) in base 14?
135
Convert a8 (base 11) to base 14.
86
What is 7 (base 11) in base 6?
11
Convert -59 (base 10) to base 4.
-323
What is 4 (base 16) in base 3?
11
Convert 6f (base 16) to base 15.
76
What is 90 (base 13) in base 4?
1311
Convert -29 (base 10) to base 6.
-45
What is 3 (base 13) in base 16?
3
Convert 15 (base 9) to base 5.
24
What is -110 (base 2) in base 14?
-6
-1 (base 3) to base 12
-1
-10 (base 5) to base 8
-5
-2 (base 11) to base 3
-2
What is a (base 16) in base 14?
a
Convert -1100110 (base 2) to base 13.
-7b
What is -42 (base 9) in base 7?
-53
Convert -43 (base 7) to base 6.
-51
What is 12 (base 5) in base 4?
13
What is -47 (base 9) in base 11?
-3a
Convert a (base 12